
-1012202202020012
In base 16, what is -6 + 7905f1?
7905eb
In base 13, what is -16a494c + -c?
-16a495b
In base 2, what is 11011011011001110 - 1100110?
11011011001101000
In base 2, what is 100 - 1100100001000100011?
-1100100001000011111
In base 4, what is 302 - 13120310123?
-13120303221
In base 12, what is -2 - 338aa19?
-338aa1b
In base 13, what is -2 + -1b2113?
-1b2115
In base 5, what is -130343130 - -42?
-130343033
In base 12, what is -93a1 + -48b?
-9870
In base 16, what is -980a0 - -7?
-98099
In base 2, what is 101011 - 10100100000000001?
-10100011111010110
In base 16, what is 170 - -2cad7?
2cc47
In base 4, what is 10 - 21321000030?
-21321000020
In base 3, what is -101102012111 + -110?
-101102012221
In base 7, what is 5 - 3264313614?
-3264313606
In base 14, what is ca1b075 + -2?
ca1b073
In base 3, what is -1102 - -220021022?
220012220
In base 11, what is -10 - -155290?
155280
In base 13, what is 340 + -7c77?
-7937
In base 5, what is 1112310 + 11420?
1124230
In base 14, what is 3164cd - -a6?
316595
In base 6, what is 505534201332 - 2?
505534201330
In base 3, what is 10220001120112011012 - 11?
10220001120112011001
In base 5, what is -1211211323330 - -10?
-1211211323320
In base 11, what is -3 + -312617?
-31261a
In base 6, what is -121331 - 11254?
-133025
In base 13, what is 12 + 994374?
994386
In base 2, what is 1011000001100001 + 100111011101?
1011101000111110
In base 5, what is -144010 - -24421?
-114034
In base 13, what is 2 - -3303b953?
3303b955
In base 8, what is -1 - 732120003?
-732120004
In base 8, what is -221 - -11526563?
11526342
In base 5, what is 1 + -1110412341?
-1110412340
In base 11, what is -2aa7 + 25830?
22834
In base 14, what is 2a422 + -56c?
29c94
In base 7, what is 46356 - 2022?
44334
In base 12, what is 7b57 + 589?
8524
In base 8, what is 27 + -21144141?
-21144112
In base 13, what is -634c50 - 8?
-634c58
In base 4, what is -1212 + -30321230102?
-30321231320
In base 14, what is -488 + -1139?
-15c3
In base 8, what is 11 - 7557375?
-7557364
In base 10, what is -1981385 - -67?
-1981318
In base 4, what is -11 + 30100131?
30100120
In base 2, what is -1001110011 - -111100011100000?
111011001101101
In base 16, what is 310a + -dc9?
2341
In base 10, what is 1417430 - -7?
1417437
In base 7, what is -1 - -100333300?
100333266
In base 15, what is e7 - 1ba70d?
-1ba616
In base 8, what is 137 + 40625?
40764
In base 15, what is -5 - 72d721?
-72d726
In base 2, what is -101001111011000011011001101 + -100?
-101001111011000011011010001
In base 6, what is -2402255 - 1353?
-2404052
In base 16, what is -cf6a9 - -1f?
-cf68a
In base 14, what is -5bd091 + -17?
-5bd0a8
In base 16, what is 2cfa1 - -3f?
2cfe0
In base 13, what is -6 + 34385b0?
34385a7
In base 4, what is 32300303 - -1331?
32302300
In base 3, what is -1110202000002211 + 1?
-1110202000002210
In base 15, what is 3a - 25705a?
-257020
In base 10, what is -326031 - 223?
-326254
In base 2, what is 110000100110110110111100 - -101?
110000100110110111000001
In base 16, what is 71 + aaa1?
ab12
In base 11, what is -11 - -103529?
103518
In base 13, what is -1228 + 70a?
-81b
In base 11, what is 0 - 1a1a370?
-1a1a370
In base 9, what is 334453 + 156?
334620
In base 2, what is 100 + -101000101111110001101101?
-101000101111110001101001
In base 5, what is -4440431220033 - 2?
-4440431220040
In base 5, what is -1444432031 + -100?
-1444432131
In base 10, what is -5 + 904173?
904168
In base 4, what is -10310031030 + -113?
-10310031203
In base 14, what is 3124c - 272?
30dba
In base 13, what is bba68 - -18?
bba83
In base 8, what is -1104 + -4532065?
-4533171
In base 14, what is -5 - 3ca3c9?
-3ca3d0
In base 4, what is -21333 + 2201113?
2113120
In base 4, what is 112301031 - -101?
112301132
In base 7, what is -224610 - 1054?
-225664
In base 15, what is 213 + -226eb?
-224d8
In base 13, what is -3a6a9acb + 0?
-3a6a9acb
In base 15, what is 5a6d8a - 75?
5a6d15
In base 7, what is -62615066 - 0?
-62615066
In base 7, what is -14 - 5460313?
-5460330
In base 16, what is 4b8 - -c211?
c6c9
In base 7, what is -40110 + -303112?
-343222
In base 13, what is -10679337 - 16?
-10679350
In base 8, what is 20246207 - -17?
20246226
In base 6, what is -1355245 + -1014?
-1400303
In base 4, what is -230 - 10000020313?
-10000021203
In base 15, what is 19 - 5696d8?
-5696be
In base 7, what is -641 - 26553120?
-26554061
In base 4, what is 1003331 - -33023311?
100033302
In base 10, what is 2 + 3716981?
3716983
In base 11, what is 7463 - -73?
7526
In base 6, what is -451 + 20230012?
20225121
In base 3, what is 221 + -211020111012201?
-211020111011210
In base 9, what is 2 + 3206018?
3206021
In base 14, what is -194 - -32617?
32463
In base 12, what is -2a0 + 29262?
28b82
In base 15, what is -1ed + -8acdd?
-8aedb
In base 6, what is -30 + -1222303322?
-1222303352
In base 2, what is 100000000011010 + 10010010101?
100010010101111
In base 12, what is -1 + -889224?
-889225
In base 2, what is 11101100101011100011110101 - -101?
11101100101011100011111010
In base 7, what is 4 + -4125302041?
-4125302034
In base 4, what is -200112120 + 13120?
-200033000
In base 5, what is -230021 - -134223?
-40243
In base 4, what is 10211331 + 1311202?
12123133
In base 2, what is -1101001101001001001 - -110001100?
-1101001100010111101
In base 9, what is 14 - 135647?
-135633
In base 16, what is -a69a8 - -431?
-a6577
In base 15, what is d7b + aa1?
192c
In base 5, what is 22010 - -140431041?
141003101
In base 13, what is bab66 - -2?
bab68
In base 3, what is -20211011 - -1112020101?
1021102020
In base 13, what is -a422 - 1788?
-bbaa
In base 2, what is 11001100111110110101011 + 1111?
11001100111110110111010
In base 9, what is 87 - -278085?
278183
In base 5, what is -103401123420 - -4?
-103401123411
In base 2, what is -10000101000000101011 - -11?
-10000101000000101000
In base 16, what is -b428 + -1f09?
-d331
In base 9, what is -710048 + -18?
-710067
In base 15, what is d - ed2082?
-ed2074
In base 12, what is -6 + -329304?
-32930a
In base 8, what is 5 - -5563040?
5563045
In base 16, what is -4896 - -3d?
-4859
In base 12, what is 3 - 2033619?
-2033616
In base 14, what is -791 + -8c4b?
-95dc
In base 4, what is 33200 - -103021?
202221
In base 10, what is -61 - 562613?
-562674
In base 16, what is 5 + -4ea915?
-4ea910
In base 3, what is -10001211 - 11102212?
-21111200
In base 14, what is -4756d0a - c?
-4756d18
In base 11, what is 43885a + -20?
43883a
In base 13, what is -27 - -887a?
8853
In base 2, what is 100011110001100000 - 110100011?
100011101010111101
In base 16, what is b - 1d7206?
-1d71fb
In base 14, what is 2ca + -c2d4?
-c008
In base 12, what is 37348 + -15?
37333
In base 12, what is 6314634b + 1?
63146350
In base 9, what is -285605583 - 5?
-285605588
In base 7, what is -5145130 + 2005?
-5143122
In base 5, what is -212 - 2004031044?
-2004031311
In base 8, what is 100213 - 1751?
76242
In base 3, what is -2100220201211010 + -10?
-2100220201211020
In base 12, what is 10480 + 4595?
14a55
In base 7, what is -3663412 - 4?
-3663416
In base 3, what is 10121000 - 2012201?
1101022
In base 16, what is 550b - f9?
5412
In base 12, what is -4 - -bb795ab?
bb795a7
In base 12, what is 49a64 + -11a?
49946
In base 5, what is -400020 - -10031441?
4131421
In base 13, what is -61 - -a1726?
a1695
In base 6, what is 15452551 - -552?
15453543
In base 11, what is 365324 + 13?
365337
In base 15, what is 4b + -ee36?
-edda
In base 9, what is -22424022 - -1?
-22424021
In base 3, what is -20 + -20002110210202222?
-20002110210210012
In base 2, what is 11 + 10111111101101010001?
10111111101101010100
In base 16, what is 786b1f + 1c?
786b3b
In base 8, what is 175 + -16210?
-16013
In base 3, what is -10 + 121122201021011011?
121122201021011001
In base 8, what is 24333270 + 0?
24333270
In base 13, what is -5 - -1018b29?
1018b24
In base 9, what is -8 - -106357604?
106357585
In base 3, what is -10220021010 + -201212?
-10220222222
In base 10, what is -97577943 - 1?
-97577944
In base 7, what is 0 - -1221200444?
1221200444
In base 13, what is 577ca - -18c?
57989
In base 2, what is -111101101100 - 10101011000111?
-11101000110011
In base 4, what is -102 + -310113230200?
-310113230302
In base 11, what is 21 + -7719?
-76a8
In base 3, what is 2102212112122211 + 20?
2102212112200001
In base 11, what is 127 - 12238a?
-122